 = m**3 - 3*m**2 - 2*m - 1. Determine y(h).
7
Let q(j) = -3*j - 9. Let w be q(-3). Let z(n) = 4*n + 8. Let x(v) = v. Let g(p) = -3*x(p) + z(p). Determine g(w).
8
Let v(o) be the first derivative of -4/3*o**3 + 1/4*o**4 + 2 + 2*o - o**2. Suppose 3*r = 3*c - 9, 2*r + 3 = c + 2. What is v(r)?
-10
Suppose -3*y + 12 = 5*j - 22, -y + 2*j = 7. Let c(w) = 3 - 1 - w + y. Give c(4).
1
Let d be ((-42)/147)/((-1)/7) + -3. Let r(w) be the first derivative of -3*w**3 - w**2/2 - w - 1. Determine r(d).
-9
Suppose -4*k - i + 21 + 2 = 0, 5*i = 4*k - 5. Let w(f) = -f**3 + 4*f**2 + 5*f + 6. Give w(k).
6
Let f(l) = 3*l + 1. Let m(b) = b + 1. Let w(c) = f(c) - 4*m(c). What is w(-5)?
2
Let h(x) = -2*x + 20. Let t be h(13). Let a(n) = -n**2 - 3*n + 1. What is a(t)?
-17
Let y(k) = -k - 5. Let s be (26/13)/(4/(-10)). Calculate y(s).
0
Let h(w) = w**2 + 4*w + 6. Let s(c) = 6*c**3 - 4*c**2 - 7*c. Let k(l) = 9*l**3 - 6*l**2 - 10*l. Let g(f) = 5*k(f) - 7*s(f). Let y be g(-1). Give h(y).
6
Let f(o) = 1 + 17*o - 16*o**2 - 6*o - 9*o. What is f(-1)?
-17
Let h(q) = -q. Let a(z) = 6. Let k(f) = a(f) - 2*h(f). Let l = 3 + -8. Determine k(l).
-4
Suppose 2*o = -2*o + 68. Let q = o - 14. Let x(b) = -b + 2. Let w(m) = -6*m + 12. Let v(y) = -6*w(y) + 34*x(y). What is v(q)?
2
Let k be 13 + -16 - (0 + 2 - -1). Let c(r) = -2*r - 10. Calculate c(k).
2
Let s(h) = -2*h - 1. Let i be s(2). Let a(u) be the third derivative of u**4/24 + 5*u**3/6 + 3*u**2. Give a(i).
0
Let x(i) = -4*i**2 - 4*i. Let g(w) = 5*w**2 + 3*w. Let t(u) = 2*g(u) + 3*x(u). Calculate t(-5).
-20
Let h(j) = -j**2 - 2*j. Let v(u) = -4*u**2 - 2*u + 2. Let x be v(1). What is h(x)?
-8
Let u(i) be the second derivative of -i**4/12 - i**3/6 - 7*i. Calculate u(1).
-2
Let u(f) = -f**3 - f**2 + f - 2. Suppose 5*n + 4 = -1. Let a = n + 1. Suppose -m = 2 - a. Give u(m).
0
Let f(g) = -g**2 + 5*g - 5. Let j be (-18)/(-4) + (20/8)/(-5). What is f(j)?
-1
Let v be (4/(-12))/((-2)/18). Suppose 5*t = -0*t + 15. Let o(d) = -2*d + 5*d - 3*d**2 - 4 + t + d**3. Give o(v).
8
Let p(d) be the second derivative of -d**5/20 + d**4/2 + 2*d**3/3 + 3*d**2/2 - 2*d. What is p(7)?
-18
Let d(v) = -v**2 - 2*v. Let j(f) = -f**3 - 8*f**2 - f - 11. Let u be j(-8). Suppose 0 = 3*x + 5*n - 12, 14 = 2*x - x + 5*n. Let a = u - x. Give d(a).
0
Let l(m) = m**2. Let n be l(2). Let j be (-2)/n*(-1 + 1). Let t(v) = -v**3 - v - 8. Give t(j).
-8
Let n(p) = p + 6. Let y(j) = -j**3 - j**2 + 12*j. Let f be y(3). What is n(f)?
6
Let t(g) = 25*g. Let h = 13 + -24. Let z(j) = -5*j. Let r(x) = h*z(x) - 2*t(x). Suppose -3*k - 25 = 4*d - 6, k - 3*d = 11. Calculate r(k).
-5
Suppose -w = 2, -4*q + 2*w = -0*w + 28. Let l(c) = c + 12. What is l(q)?
4
Let h(z) = -2 - 5 + z**2 + 3 + 2*z. Let r(o) = -o**2 + 21*o - 23. Let g be r(20). What is h(g)?
-1
Let l(s) be the second derivative of -s**7/2520 + s**6/360 + s**5/120 + s**4/3 + 2*s. Let j(d) be the third derivative of l(d). Calculate j(-1).
-2
Let s(i) = 3*i + 2*i - i + 1. Let f(r) = -5*r - 23. Let n be f(-5). What is s(n)?
9
Suppose 0 = 10*v - 5*v + 5. Let c(f) = 15*f + 1. Give c(v).
-14
Let k(u) = 13*u - 22. Let b(g) = 4*g - 7. Let o(q) = -7*b(q) + 2*k(q). What is o(4)?
-3
Suppose -10 = -3*j + 2. Let g be 8 + -4 + (1 - -1). Let b(o) = o**2 - g + 4 - 4*o + 0*o + 0*o. Give b(j).
-2
Let x(m) = -7*m - 5. Let v(o) = -3*o - 2. Let y(l) = 5*v(l) - 2*x(l). Suppose -5 = 12*d - 7*d. Let i(p) = 6*p + 5. Let k(q) = d*i(q) - 3*y(q). Calculate k(-5).
10
Suppose -2*f + 1 = -5. Suppose -5*i = -f*i - 4. Let q(x) = 1 - x**i + x + 3 + 3 - 3. Determine q(0).
4
Let a = -25 + 45. Let q = a - 18. Let m(g) = g**3 - 2*g**2 - 1. Give m(q).
-1
Let n(o) = 5*o**2 + 9*o + 3. Let k(i) = -4*i**2 - 8*i - 3. Let j(f) = -6*k(f) - 5*n(f). Let u = 6 + 9. Suppose 5*a - 2*v + 0 = 15, u = 4*a - v. What is j(a)?
-7
Let x(z) = 3*z**2 + 16*z - 3 + z**3 - 11*z - 7*z. Calculate x(-3).
3
Let f(h) = 24*h. Let j(d) = 2*d. Let q(u) = 2*f(u) - 22*j(u). Determine q(-2).
-8
Suppose -4*j = -j - 6. Let x(d) = 3*d + 1 - j*d + 3*d - 2*d. Determine x(2).
5
Let u(y) be the third derivative of y**5/60 + y**4/24 - y**3/3 + 10*y**2. Determine u(-3).
4
Let h(p) be the second derivative of -p**4/12 - 5*p**3/6 + 4*p**2 + 14*p. What is h(-7)?
-6
Let g be (-2)/(-8) - 54/(-8). Let d(u) = u**3 - 7*u**2 - u + 6. Calculate d(g).
-1
Let a be 1 + -1 + 2 - -10. Let k(n) = 2*n + a*n**2 - n - 11*n**2. Let f be 1 + 0 + 0 + 1. Give k(f).
6
Let j(s) = s**3 + 11*s**2 - 2*s - 16. Let y be j(-11). Suppose 7*w = 6*w + y. Let n(z) = -5*z + 4. Let g(u) = u - 1. Let v(p) = -6*g(p) - n(p). Determine v(w).
-4
Let u(v) = v**2 + 5*v. Suppose -3*p + 39 = 54. What is u(p)?
0
Let o(w) = w. Let b(q) = 9*q + 1. Let l(c) = -b(c) + 6*o(c). Let j be l(1). Let x(h) = h + 3. What is x(j)?
-1
Suppose 3*a = a. Let p(g) be the first derivative of -2*g - 2 + g**2 - 1 + a*g. Determine p(4).
6
Suppose -s + 5*s = -m + 10, -4*m = 5*s - 7. Let u(q) = -q**s + 4*q**2 + 1 - 3*q**2 + q**2 + 3*q. What is u(3)?
1
Let w(n) = -3*n + 7*n**2 + 2*n**2 - 8*n**2 + n**2. Give w(2).
2
Suppose -3*b - b = -12, -5*u = -3*b - 41. Suppose -6*c = -c + u. Let a(w) = 2*w - 4*w + 0*w - 2 + 0*w. Calculate a(c).
2
Let y(r) = 7*r**3 + 8*r**2 + 5*r - 2. Let s(j) = -8*j**3 - 9*j**2 - 6*j + 3. Let v(w) = 6*s(w) + 7*y(w). Calculate v(-3).
-2
Let i(c) = -c**3 - 4*c**2 + 3*c + 1. Suppose 0 = -5*n - 2*r - 15 - 4, -2*n - 13 = -r. Give i(n).
11
Let w(l) = l**2 + 15*l + 10. Let c be w(-14). Let n(m) = -6*m**2 + 5 + 11*m**3 - 2*m + m**2 - 12*m**3. Determine n(c).
-3
Let x(k) be the third derivative of -k**6/120 + k**5/12 - 5*k**4/24 - 2*k**3/3 + 26*k**2. Give x(4).
-8
Let l(q) = -q + 4. Let a = -59 - -110. Let t = a - 36. Suppose -s - t = 2*s. Calculate l(s).
9
Suppose -2*w + 7 = -r, 2*r = -0*r + 3*w - 12. Suppose 0*m = -m. Let f(k) = -2*k + 4*k + m*k. Give f(r).
-6
Let i(y) be the first derivative of -1 + 0*y**4 + 3/20*y**5 + y**2 + 0*y - 1/6*y**3. Let s(m) be the second derivative of i(m). Calculate s(-1).
8
Let f = 0 - 6. Let z(u) = -2 - 6 + 13 + u. Give z(f).
-1
Let h(n) = 3*n - 2. Let v(z) = 2*z + 6. Suppose 2*j - 4 = 6, -4*g + 3*j - 31 = 0. Let t be v(g). Calculate h(t).
-8
Let n(d) = 5*d + 1. Let c(h) = -h**2 + 11*h - 9. Let a be c(10). Determine n(a).
6
Suppose 3 = -2*b - 3. Let i(p) = -2*p**2 - 3*p - 4. Calculate i(b).
-13
Suppose -k - 3*k = 28. Let i(r) = 2*r + 8. Calculate i(k).
-6
Let n(d) = -d**2 + 2*d. Let f(c) = 2*c - 8. Let b be f(6). What is n(b)?
-8
Let u(h) = 3*h + 4. Let m(v) = -2*v**2 - 5*v + 1. Let y be m(-4). Let j be 12/5 + (-4)/10. Let o(i) = 15*i + 20. Let x(b) = j*o(b) + y*u(b). Calculate x(-3).
5
Let n(i) = i**2 - 3*i + 1. Suppose -5*q + 34 = 89. Let k = 15 + q. What is n(k)?
5
Let h(s) = s + 9. Let z(p) = p + 8. Let g(y) = -5*h(y) + 6*z(y). Let v be g(-9). Let m(q) = q + 7. What is m(v)?
1
Let w(u) = -u**2 - 2*u - 2. Suppose -2 = a - 3. Let r(z) = 4*z + 1. Let c be r(a). Let j = 2 - c. Determine w(j).
-5
Let y(r) = 2*r - 31 + 27 + 0*r. Determine y(3).
2
Let u(w) be the first derivative of w**2 - w + 6. Let l be (4/(-10))/((-2)/10). Calculate u(l).
3
Suppose -3*a - 4 = -x, -3*x + 2*a - a + 4 = 0. Let i be -1 + -3 - (x - 1). Let k(f) = 6*f**2 + 2*f - 5 - f - f**2 + f**3. Calculate k(i).
7
Let s(z) = z**2 + 8*z + 9. Let h be s(-6). Let x(f) be the first derivative of 2*f**3/3 + 2*f**2 + 2*f + 8. What is x(h)?
8
Let c(y) = -4 + 3*y + 4*y + 3 - 5*y. Let f be c(3). Let r(n) = n - 4. What is r(f)?
1
Suppose 4*d = -3*z + 2*z + 18, -2*d = -8. Let w(l) = -z + 8*l - 3*l + 0. What is w(2)?
8
Let h(a) = 2*a + 4. Let f = -1 - -1. Suppose 3*z - 3*o + 3 = f, 3*o - 25 = -5*z - 2*o. Suppose -3*c + 32 = -4*p + z*c, 0 = 4*p + 3*c. Determine h(p).
-2
Let l(x) = 7*x**3 + 6*x**2 + 4*x + 8. Let r(z) = z**3 + z + 1. Let u(y) = l(y) - 6*r(y). Determine u(-6).
14
Let c(d) = -7*d**3 - 6*d**2 + 7*d. Let u(y) = 6*y**3 + 5*y**2 - 6*y + 1. Let b(n) = -5*c(n) - 6*u(n). Calculate b(0).
-6
Let n(f) be the second derivative of f**3/2 + 3*f**2/2 + 19*f. Calculate n(-5).
-12
Let w(m) = -6*m + 1. Let a(c) be the second derivative of 4*c**3 - 5*c**2/2 - c. Let g(k) = -2*a(k) - 9*w(k). Give g(1).
7
Let w(u) = -u**2 - 4*u + 3. Suppose 5*h + 57 = -13. Let c = 10 + h. Calculate w(c).
3
Suppose 8*i = -26 + 2. Let b(g) = -g**2 - 2*g - 3. What is b(i)?
-6
Let y = -7 + 9. Let d(j) = -40 + 3